ime factors of 24085.
5, 4817
List the prime factors of 136732.
2, 34183
List the prime factors of 43780.
2, 5, 11, 199
What are the prime factors of 1829?
31, 59
What are the prime factors of 12458?
2, 6229
What are the prime factors of 3018?
2, 3, 503
List the prime factors of 4682.
2, 2341
List the prime factors of 12084.
2, 3, 19, 53
What are the prime factors of 4018?
2, 7, 41
What are the prime factors of 933?
3, 311
What are the prime factors of 106283?
23, 4621
What are the prime factors of 3702?
2, 3, 617
What are the prime factors of 2059?
29, 71
List the prime factors of 9634.
2, 4817
List the prime factors of 1483.
1483
What are the prime factors of 2640?
2, 3, 5, 11
What are the prime factors of 54173?
7, 71, 109
List the prime factors of 1968.
2, 3, 41
List the prime factors of 10513.
10513
List the prime factors of 1235.
5, 13, 19
List the prime factors of 582.
2, 3, 97
List the prime factors of 4314.
2, 3, 719
List the prime factors of 1119.
3, 373
What are the prime factors of 1279?
1279
What are the prime factors of 9091?
9091
List the prime factors of 13485.
3, 5, 29, 31
List the prime factors of 18005.
5, 13, 277
List the prime factors of 21617.
21617
What are the prime factors of 7296?
2, 3, 19
List the prime factors of 19995.
3, 5, 31, 43
List the prime factors of 1863.
3, 23
What are the prime factors of 8396?
2, 2099
What are the prime factors of 6341?
17, 373
List the prime factors of 40877.
41, 997
What are the prime factors of 6305?
5, 13, 97
List the prime factors of 5309.
5309
What are the prime factors of 203?
7, 29
List the prime factors of 1944.
2, 3
What are the prime factors of 91542?
2, 3, 11, 19, 73
What are the prime factors of 55705?
5, 13, 857
List the prime factors of 28082.
2, 19, 739
What are the prime factors of 3796?
2, 13, 73
What are the prime factors of 3856?
2, 241
List the prime factors of 125830.
2, 5, 12583
List the prime factors of 71571.
3, 23857
List the prime factors of 200632.
2, 31, 809
What are the prime factors of 17160?
2, 3, 5, 11, 13
List the prime factors of 688.
2, 43
List the prime factors of 36255.
3, 5, 2417
What are the prime factors of 43211?
7, 6173
What are the prime factors of 8856?
2, 3, 41
List the prime factors of 2629.
11, 239
List the prime factors of 501.
3, 167
List the prime factors of 21024.
2, 3, 73
What are the prime factors of 13193?
79, 167
What are the prime factors of 4539?
3, 17, 89
What are the prime factors of 32304?
2, 3, 673
What are the prime factors of 27662?
2, 13831
List the prime factors of 50100.
2, 3, 5, 167
List the prime factors of 24704.
2, 193
List the prime factors of 508.
2, 127
What are the prime factors of 2980?
2, 5, 149
What are the prime factors of 4903?
4903
List the prime factors of 10619.
7, 37, 41
List the prime factors of 6772.
2, 1693
List the prime factors of 1495.
5, 13, 23
List the prime factors of 24253.
79, 307
What are the prime factors of 50099?
7, 17, 421
What are the prime factors of 10168?
2, 31, 41
List the prime factors of 1372.
2, 7
What are the prime factors of 633?
3, 211
What are the prime factors of 197041?
13, 23, 659
List the prime factors of 9144.
2, 3, 127
List the prime factors of 1041.
3, 347
List the prime factors of 8393.
7, 11, 109
List the prime factors of 39.
3, 13
What are the prime factors of 53442?
2, 3, 2969
What are the prime factors of 1566?
2, 3, 29
List the prime factors of 69848.
2, 8731
List the prime factors of 126767.
109, 1163
What are the prime factors of 1398?
2, 3, 233
What are the prime factors of 5297?
5297
What are the prime factors of 24441?
3, 8147
List the prime factors of 1935.
3, 5, 43
What are the prime factors of 1621?
1621
What are the prime factors of 11785?
5, 2357
List the prime factors of 12285.
3, 5, 7, 13
What are the prime factors of 47408?
2, 2963
List the prime factors of 342.
2, 3, 19
List the prime factors of 1762.
2, 881
What are the prime factors of 238?
2, 7, 17
List the prime factors of 16309.
47, 347
What are the prime factors of 3138?
2, 3, 523
List the prime factors of 3679.
13, 283
List the prime factors of 197.
197
What are the prime factors of 137101?
71, 1931
What are the prime factors of 74?
2, 37
List the prime factors of 12150.
2, 3, 5
List the prime factors of 9653.
7, 197
What are the prime factors of 9268?
2, 7, 331
List the prime factors of 1250.
2, 5
What are the prime factors of 4397?
4397
List the prime factors of 11972.
2, 41, 73
What are the prime factors of 8521?
8521
What are the prime factors of 1766?
2, 883
What are the prime factors of 40185?
3, 5, 19, 47
What are the prime factors of 43884?
2, 3, 23, 53
List the prime factors of 6562.
2, 17, 193
List the prime factors of 8509.
67, 127
List the prime factors of 3167.
3167
What are the prime factors of 1547?
7, 13, 17
What are the prime factors of 6365?
5, 19, 67
List the prime factors of 3778.
2, 1889
List the prime factors of 163.
163
What are the prime factors of 3248?
2, 7, 29
What are the prime factors of 41911?
41911
List the prime factors of 3846.
2, 3, 641
List the prime factors of 5652.
2, 3, 157
What are the prime factors of 8989?
89, 101
List the prime factors of 962.
2, 13, 37
List the prime factors of 36526.
2, 7, 2609
What are the prime factors of 23791?
37, 643
List the prime factors of 23493.
3, 41, 191
What are the prime factors of 3124?
2, 11, 71
List the prime factors of 11659.
89, 131
What are the prime factors of 166?
2, 83
What are the prime factors of 780?
2, 3, 5, 13
List the prime factors of 84004.
2, 21001
List the prime factors of 7863.
3, 2621
What are the prime factors of 2696?
2, 337
List the prime factors of 7569.
3, 29
List the prime factors of 66.
2, 3, 11
List the prime factors of 1293.
3, 431
What are the prime factors of 59902?
2, 61, 491
List the prime factors of 153.
3, 17
List the prime factors of 9568.
2, 13, 23
List the prime factors of 5927.
5927
What are the prime factors of 92166?
2, 3, 15361
List the prime factors of 486.
2, 3
List the prime factors of 15915.
3, 5, 1061
List the prime factors of 1105.
5, 13, 17
List the prime factors of 33841.
43, 787
What are the prime factors of 65515?
5, 13103
List the prime factors of 9412.
2, 13, 181
What are the prime factors of 81953?
81953
List the prime factors of 134213.
134213
List the prime factors of 3527.
3527
List the prime factors of 6297.
3, 2099
What are the prime factors of 27543?
3, 9181
List the prime factors of 176072.
2, 13, 1693
List the prime factors of 1315.
5, 263
What are the prime factors of 20180?
2, 5, 1009
List the prime factors of 1708.
2, 7, 61
What are the prime factors of 737?
11, 67
List the prime factors of 173.
173
What are the prime factors of 24362?
2, 13, 937
What are the prime factors of 5528?
2, 691
List the prime factors of 54027.
3, 23, 29
What are the prime factors of 9905?
5, 7, 283
List the prime factors of 3444.
2, 3, 7, 41
List the prime factors of 32726.
2, 16363
List the prime factors of 663.
3, 13, 17
What are the prime factors of 55738?
2, 29, 31
List the prime factors of 21367.
23, 929
What are the prime factors of 49059?
3, 23, 79
List the prime factors of 37976.
2, 47, 101
What are the prime factors of 1958?
2, 11, 89
What are the prime factors of 249?
3, 83
What are the prime factors of 5623?
5623
List the prime factors of 42087.
3, 14029
List the prime factors of 1105.
5, 13, 17
List the prime factors of 7673.
7673
List the prime factors of 1122.
2, 3, 11, 17
What are the prime factors of 21638?
2, 31, 349
What are the prime factors of 761?
761
List the prime factors of 34768.
2, 41, 53
What are the prime factors of 29497?
13, 2269
List the prime factors of 1471.
1471
What are the prime factors of 12699?
3, 17, 83
List the prime factors of 10198.
2, 5099
List the prime factors of 410.
2, 5, 41
List the prime factors of 845.
5, 13
List the prime factors of 1271.
31, 41
List the prime factors of 71866.
2, 35933
List the prime factors of 670.
2, 5, 67
List the prime factors of 7631.
13, 587
What are the prime factors of 9409?
97
List the prime factors of 29111.
43, 677
List the prime factors of 5746.
2, 13, 17
List the prime factors of 10252.
2, 11, 233
List the prime factors of 416.
2, 13
List the prime factors of 11217.
3, 3739
What are the prime f